vided by g?
15
Let r(s) = 5*s**2 - 17*s - 129. What is the remainder when r(13) is divided by 83?
80
Suppose f = 4*f + n - 31, -f + 25 = 4*n. Suppose -u + f = -11. Let y = -46 - -104. Calculate the remainder when y is divided by u.
18
Suppose 3*d = -4 + 13. Suppose -4*p - 10 = -4*y + 86, 0 = -d*y + 5*p + 68. Let v = 22 - 13. What is the remainder when y is divided by v?
8
Let i(l) = 2*l - 16. Let b be i(-5). Let r = b - -32. Let d(n) = -7*n - 7. What is the remainder when d(-4) is divided by r?
3
Suppose 5*d + x - 59 = 0, -2*x - 10 = -2*d + 16. Suppose -4*h - d = -8*h. Suppose -6 = h*n - 4*n. Calculate the remainder when n is divided by 2.
0
Suppose 384 + 306 = 5*o. Suppose -4*n = -3*w + 116, 2*w + o = 6*w - 2*n. Let r = 62 - w. Calculate the remainder when 87 is divided by r.
27
Suppose -727*f + 301 = -720*f. What is the remainder when f is divided by 43?
0
Let y(d) = 25*d - 225. Calculate the remainder when 122 is divided by y(10).
22
Let m(j) = j**2 - 11*j + 3. Let v be m(11). Let n = v + 2. Suppose -5*o + o = 3*b - 43, o - 5*b = n. Calculate the remainder when o is divided by 4.
2
Let q = 40 - 31. Suppose -2*r + 6 = n, r + 5*n + 8 - 2 = 0. Calculate the remainder when q is divided by r.
1
Suppose -m - 119 = -2*s, s - 5*m = -6*m + 55. Let u = s + 67. What is the remainder when u is divided by 16?
13
Let z = 2 - -6. Calculate the remainder when (44/33)/((-2)/(-30)) is divided by z.
4
Suppose 0 = -4*t + 5*i - 9, -i - 1 = -3*t + 6. Let o(m) = m + 2. Let l be o(1). Suppose 27 + l = 2*z. Calculate the remainder when z is divided by t.
3
Let h = 436 - 429. Calculate the remainder when 43 is divided by h.
1
Suppose m + 2 = -2*c, -4*m + c + 22 = -m. Suppose -m = -3*h, -h - 65 = -5*z + 4*h. Let b = -180 + 184. Calculate the remainder when z is divided by b.
3
Suppose -13*j = -358 - 253. Let q = -16 + 26. What is the remainder when j is divided by q?
7
Suppose 6*c - 86 = 28. Calculate the remainder when 701 is divided by c.
17
Suppose -2*t = 14*t - 848. What is the remainder when t is divided by 18?
17
Suppose 5*v = 2*b - 22, -4*v = -8*b + 3*b + 38. Let o = 1 + 9. What is the remainder when o is divided by b?
4
Let f = 58 + -49. Calculate the remainder when 15 is divided by f.
6
Suppose -g - 140 = -k + 2*g, g = -4. Let c(i) = -2*i**3 - 13*i**2 + 2*i - 2. What is the remainder when k is divided by c(-7)?
29
Let j be 4 - 18*8/12. Let u be (-20)/j*(-60)/(-25). Suppose -u = c - 35. Calculate the remainder when c is divided by 11.
7
Let i(g) = 3*g - 30. Suppose 0 = -0*q - q + 91. Suppose 3*w + 2*o = q, -3*w - 3*o = -9 - 78. Calculate the remainder when w is divided by i(13).
6
Let p(v) = 2*v - 7. Let n be p(6). Suppose 1468 = -4*g - 2*y, n*y = y + 16. What is the remainder when g/6*(-2)/3 is divided by 22?
19
Let n be 2/6*(-81)/(-9). Suppose 0 = -n*q + 3, -3*q - 31 = -2*z - 0*q. What is the remainder when 30 is divided by z?
13
Suppose -129 = -4*u + 79. Suppose 0 = -4*j + d + 83, 0 = 2*j - 6*d + 2*d - u. Calculate the remainder when j is divided by 12.
8
Suppose 31*p - 33*p + 50 = 0. Calculate the remainder when p is divided by 14.
11
Suppose q + 47 = 3*y, 2*q + 19 = y - 0*y. Calculate the remainder when 63 is divided by y.
3
Suppose -5*c = 2 + 98. Let v(i) = i**2 - 37*i + 26. Let t be v(37). Let g = c + t. What is the remainder when 8 is divided by g?
2
Suppose -7*q + 42 - 14 = 0. Suppose -8*w = q*w - 180. What is the remainder when 58 is divided by w?
13
Let y = -1436 - -1474. Calculate the remainder when 70 is divided by y.
32
Let n be 12846/14 + 12/28. Suppose 0 = -14*d + 20*d - n. Calculate the remainder when d is divided by 39.
36
Suppose -5*w - 4*x + 4 = -6*w, -2*w - 3*x + 47 = 0. Calculate the remainder when 29 is divided by w.
13
Suppose -2*g = 5*v - 7 - 0, -4 = -v - 3*g. What is the remainder when 3*1/3 + 28 + v is divided by 8?
6
Suppose -3*s - 3*j + 45 = 0, 3*s + 22 = -2*j + 67. What is the remainder when (-58)/(-4) + (-4)/8 is divided by 28/5 + s/(-25)?
4
Suppose -j - 36 = 14. Let o = j - -91. Calculate the remainder when 159 is divided by o.
36
Suppose 3*y - 627 = -5*j, 89*y + 5*j - 831 = 85*y. What is the remainder when y is divided by 69?
66
Suppose -9*h - 212 = -1031. Calculate the remainder when h is divided by 19.
15
Let k = -197 + 339. Let h = k + -83. What is the remainder when h is divided by 7?
3
Suppose 3*h - 18*h = -5640. Calculate the remainder when h is divided by 118.
22
Let k be 2/(-8) - 119/(-28). Suppose k*u - 8*u = -376. What is the remainder when u is divided by 24?
22
Suppose r = -r + 2. Let s be r/(1/2)*26. What is the remainder when s/3 - 8/24 is divided by 6?
5
Let k = 234 - 111. Calculate the remainder when k is divided by 16.
11
Let b = -14 + 28. Suppose 9*v + 420 = b*v. What is the remainder when v is divided by 23?
15
Let z(g) = -3*g + 5 - 2 - 4. Let j = 11 + -17. What is the remainder when 65 is divided by z(j)?
14
Suppose -110*w = -107*w. Suppose r + w*l = -3*l + 16, -2*r + 41 = -3*l. Calculate the remainder when r is divided by 7.
5
Let k(s) = -s**3 + 7*s**2 - 9*s + 6. Calculate the remainder when 249 is divided by k(4).
15
Let v(f) = 28*f**2 - f. Let a be v(-4). Suppose -3*p = g + 4*g + 602, 4*g - 5*p = -a. What is the remainder when (4 - g/2) + 0 is divided by 13?
11
Suppose 0 = -c + 6*c - n - 96, 16 = c + 3*n. Suppose -300 = -4*p + 3*h, -5*h + 284 = 4*p - 4*h. Calculate the remainder when p is divided by c.
15
Suppose -7*z + 91 = -14. What is the remainder when 41 is divided by z?
11
Suppose 0 = -2*m + 3*z - 4, m - 20 = -3*m - z. Suppose m*g + 3 = 11. What is the remainder when 6 is divided by g?
0
Let k(n) = -45. Let s(t) = t + 89. Let z(b) = -7*k(b) - 4*s(b). What is the remainder when 46 is divided by z(-12)?
4
Let i = 65 + 21. Suppose 0 = -5*q + 8 + 17. Suppose -q*d = -34 - i. Calculate the remainder when 92 is divided by d.
20
Suppose 0 = 2*d - 2*f - 22, -2*d - 56 = -6*d + f. What is the remainder when 117 is divided by d?
12
Let j(a) = 2*a**2 - 3*a - 11. Let z be j(-3). Suppose y = 49 + z. Calculate the remainder when y is divided by 9*2 - 1/1.
14
Let q = 769 - 720. Calculate the remainder when q is divided by 18.
13
Let x(t) = 2*t**3 - 5*t**2 + 7*t - 7. Suppose 4*d + 2*a + 2*a = 28, 0 = a - 4. What is the remainder when 43 is divided by x(d)?
20
Let i(q) = 3*q**2 - 8*q - 19. Calculate the remainder when 189 is divided by i(-3).
29
Suppose -10*x + 10 = 40. Calculate the remainder when 83 is divided by 0 - (-17)/(4 + x).
15
Suppose -2*j - 55 = -5*n, -4*j = -5*n - 0*j + 65. Let i(d) = -2*d + 19. Calculate the remainder when 7 is divided by i(n).
0
Let v = 181 - 104. Let l = 10 + 0. What is the remainder when v is divided by l?
7
Suppose 11 - 3 = -4*u. What is the remainder when 19 is divided by (u/(-1))/(-6) - (-430)/30?
5
Let g(o) = -3*o**3 + 2*o**2 + 2*o + 3. Let d = -2949 + 2982. Calculate the remainder when g(-3) is divided by d.
30
Let h = -513 - -935. What is the remainder when h is divided by 53?
51
Suppose 4*b + i - 77 = 27, 0 = 5*b + i - 129. Calculate the remainder when (-1)/(-5)*(-3350)/(-10) is divided by b.
17
Let p(b) = b**2 + 2*b - 3. Suppose 13 = 5*x - 2, 5*x = 4*v + 35. Let u(d) = d**2 + 11*d - 13. What is the remainder when u(-15) is divided by p(v)?
11
Suppose 11*f = 323 + 293. What is the remainder when f is divided by 44?
12
Let t(k) = 35*k + 15. What is the remainder when 191 is divided by t(1)?
41
Let c(x) = -4*x**3 - 3*x - 5. What is the remainder when c(-2) is divided by 13?
7
Suppose -2*v - 3 = 3*y - 30, 2*y + 20 = 5*v. Let f = -903 + 903. Suppose f = -v*p - 0*p + 366. Calculate the remainder when p is divided by 32.
29
Suppose -5*f + 15 = -0*s + 5*s, 0 = -f. Let c = s + 14. Let l = 241 + -158. Calculate the remainder when l is divided by c.
15
Suppose -3*w = 2*w - 5*d - 55, 4*d = 5*w - 52. Calculate the remainder when 84 is divided by w.
4
Suppose -31 = -3*l + n, 22 = 2*l - n - n. Suppose 0 = z - 3, -3*x - 11*z + 48 = -12*z. What is the remainder when x is divided by l?
7
Let n = -20 - -4. Let x = n + 24. What is the remainder when (-326)/(-8) - (-2)/x is divided by 14?
13
Calculate the remainder when (-1)/((-150)/(-632) + 3/(-12)) is divided by 40.
39
Suppose b = 5*b - 88. Suppose -3*l + 16*a - 13*a + 336 = 0, 5*a - 296 = -3*l. Calculate the remainder when l is divided by 